{"id":1092,"date":"2023-06-13T11:53:04","date_gmt":"2023-06-13T09:53:04","guid":{"rendered":"https:\/\/collmathage.fr\/?page_id=1092"},"modified":"2023-07-09T23:29:12","modified_gmt":"2023-07-09T21:29:12","slug":"1092-2","status":"publish","type":"page","link":"https:\/\/collmathage.fr\/?page_id=1092","title":{"rendered":""},"content":{"rendered":"\n<p>La num\u00e9ration <a href=\"https:\/\/collmathage.fr\/?qsm_quiz=additions-et-multiplications\" target=\"_blank\" rel=\"noreferrer noopener\"><img decoding=\"async\" width=\"20\" height=\"25\" class=\"wp-image-1363\" style=\"width: 20px;\" src=\"https:\/\/collmathage.fr\/wp-content\/uploads\/2023\/06\/coupe.png\" alt=\"\"><\/a><\/p>\n\n\n\n<div class=\"wp-block-buttons is-layout-flex wp-block-buttons-is-layout-flex\">\n<div class=\"wp-block-button\"><a class=\"wp-block-button__link wp-element-button\" href=\"\" target=\"_blank\" rel=\"noreferrer noopener\">QCM<\/a><\/div>\n<\/div>\n\n\n\n<p>Activit\u00e9 1 : chiffres et nombres <a href=\"https:\/\/collmathage.fr\/wp-content\/uploads\/2023\/06\/a_607_le_crible_deratosthene.pdf\" data-type=\"attachment\" data-id=\"1249\" target=\"_blank\" rel=\"noreferrer noopener\"><img decoding=\"async\" width=\"20\" height=\"20\" class=\"wp-image-224\" style=\"width: 20px;\" src=\"https:\/\/collmathage.fr\/wp-content\/uploads\/2023\/05\/pdf-1.png\" alt=\"Cliquer sur cette image pour t\u00e9l\u00e9charger au format pdf\"><\/a> <a href=\"https:\/\/collmathage.fr\/wp-content\/uploads\/2023\/06\/a_607_le_crible_deratosthene.doc\" data-type=\"attachment\" data-id=\"1250\"><img decoding=\"async\" width=\"20\" height=\"20\" class=\"wp-image-244\" style=\"width: 20px;\" src=\"https:\/\/collmathage.fr\/wp-content\/uploads\/2023\/05\/word.png\" alt=\"Cliquer cette image pour t\u00e9l\u00e9charger le document au format word\"><\/a><\/p>\n\n\n\n<p><\/p>\n\n\n\n<p>Logiciel pour s&rsquo;entra\u00eener sur les rangs de l&rsquo;\u00e9criture d\u00e9cimale <a href=\"https:\/\/collmathage.fr\/wp-content\/uploads\/2023\/06\/division_entiere_version_3.1.zip\" data-type=\"attachment\" data-id=\"1260\"><img loading=\"lazy\" decoding=\"async\" width=\"21\" height=\"21\" class=\"wp-image-1142\" style=\"width: 21px;\" src=\"https:\/\/collmathage.fr\/wp-content\/uploads\/2023\/06\/flash.png\" alt=\"\"><\/a><\/p>\n\n\n\n<p><\/p>\n\n\n\n<pre class=\"wp-block-preformatted\">dez <a href=\"https:\/\/www.geogebra.org\/m\/v86C9CqV\" target=\"_blank\" rel=\"noreferrer noopener\"><img loading=\"lazy\" decoding=\"async\" width=\"23\" height=\"20\" class=\"wp-image-1153\" style=\"width: 23px;\" src=\"https:\/\/collmathage.fr\/wp-content\/uploads\/2023\/06\/geogebra.png\" alt=\"\"><\/a><\/pre>\n","protected":false},"excerpt":{"rendered":"<p>La num\u00e9ration Activit\u00e9 1 : chiffres et nombres Logiciel pour s&rsquo;entra\u00eener sur les rangs de l&rsquo;\u00e9criture d\u00e9cimale dez<\/p>\n","protected":false},"author":1,"featured_media":0,"parent":0,"menu_order":0,"comment_status":"closed","ping_status":"closed","template":"","meta":{"footnotes":""},"folder":[],"class_list":["post-1092","page","type-page","status-publish","hentry"],"blocksy_meta":[],"_links":{"self":[{"href":"https:\/\/collmathage.fr\/index.php?rest_route=\/wp\/v2\/pages\/1092","targetHints":{"allow":["GET"]}}],"collection":[{"href":"https:\/\/collmathage.fr\/index.php?rest_route=\/wp\/v2\/pages"}],"about":[{"href":"https:\/\/collmathage.fr\/index.php?rest_route=\/wp\/v2\/types\/page"}],"author":[{"embeddable":true,"href":"https:\/\/collmathage.fr\/index.php?rest_route=\/wp\/v2\/users\/1"}],"replies":[{"embeddable":true,"href":"https:\/\/collmathage.fr\/index.php?rest_route=%2Fwp%2Fv2%2Fcomments&post=1092"}],"version-history":[{"count":25,"href":"https:\/\/collmathage.fr\/index.php?rest_route=\/wp\/v2\/pages\/1092\/revisions"}],"predecessor-version":[{"id":1639,"href":"https:\/\/collmathage.fr\/index.php?rest_route=\/wp\/v2\/pages\/1092\/revisions\/1639"}],"wp:attachment":[{"href":"https:\/\/collmathage.fr\/index.php?rest_route=%2Fwp%2Fv2%2Fmedia&parent=1092"}],"wp:term":[{"taxonomy":"folder","embeddable":true,"href":"https:\/\/collmathage.fr\/index.php?rest_route=%2Fwp%2Fv2%2Ffolder&post=1092"}],"curies":[{"name":"wp","href":"https:\/\/api.w.org\/{rel}","templated":true}]}}