{"id":35,"date":"2023-05-18T20:29:32","date_gmt":"2023-05-18T18:29:32","guid":{"rendered":"https:\/\/collmathage.fr\/?page_id=35"},"modified":"2023-05-21T10:17:33","modified_gmt":"2023-05-21T08:17:33","slug":"feuilles-dexercices","status":"publish","type":"page","link":"https:\/\/collmathage.fr\/?page_id=35","title":{"rendered":"Feuilles d&rsquo;exercices"},"content":{"rendered":"\n<p>Depuis plusieurs ann\u00e9es, je n\u2019utilise plus de manuel et j\u2019ai cr\u00e9\u00e9 mes propres feuilles d\u2019exercices pour le coll\u00e8ge. Chaque feuille vise en g\u00e9n\u00e9ral l&rsquo;entra\u00eenement sur deux comp\u00e9tences d&rsquo;un chapitre, les m\u00eames que dans mes fiches de soutien et mon r\u00e9f\u00e9rentiel pronote.<\/p>\n\n\n\n<p>Ces pages sont au d\u00e9part pour mes \u00e9l\u00e8ves, afin qu&rsquo;ils puissent r\u00e9cup\u00e9rer les fiches s&rsquo;ils ont \u00e9t\u00e9 absents lors du cours o\u00f9 je les ai distribu\u00e9es. C&rsquo;est pourquoi je les ai class\u00e9es par chapitre, selon la progression commune avec tous mes coll\u00e8gues du coll\u00e8ge Joseph-Anglade.<\/p>\n\n\n\n<p>Il n&rsquo;y a que tr\u00e8s peu de corrections pour ces feuilles, j&rsquo;en avais tap\u00e9 quelques-unes pendant le confinement et l&rsquo;enseignement en distanciel. Elles sont disponibles sur mon drive pour 12 \u20ac.<\/p>\n\n\n\n<h2 class=\"wp-block-heading\">Cliquez sur le niveau de votre choix :<\/h2>\n\n\n\n<div class=\"wp-block-buttons has-custom-font-size has-large-font-size is-content-justification-center is-layout-flex wp-container-core-buttons-is-layout-a89b3969 wp-block-buttons-is-layout-flex\">\n<div class=\"wp-block-button\"><a class=\"wp-block-button__link wp-element-button\" href=\"https:\/\/collmathage.fr\/?page_id=51\">Niveau 6e<\/a><\/div>\n\n\n\n<div class=\"wp-block-button\"><a class=\"wp-block-button__link wp-element-button\" href=\"https:\/\/collmathage.fr\/?page_id=53\">Niveau 5e<\/a><\/div>\n\n\n\n<div class=\"wp-block-button\"><a class=\"wp-block-button__link wp-element-button\" href=\"https:\/\/collmathage.fr\/?page_id=55\">Niveau 4e<\/a><\/div>\n\n\n\n<div class=\"wp-block-button\"><a class=\"wp-block-button__link wp-element-button\" href=\"https:\/\/collmathage.fr\/?page_id=57\">Niveau 3e<\/a><\/div>\n<\/div>\n\n\n\n<h2 class=\"wp-block-heading\">Un exemple de feuille d&rsquo;exercices :<\/h2>\n\n\n\n<div data-wp-interactive=\"core\/file\" class=\"wp-block-file\"><object data-wp-bind--hidden=\"!state.hasPdfPreview\" hidden class=\"wp-block-file__embed\" data=\"https:\/\/collmathage.fr\/wp-content\/uploads\/2023\/05\/x_6-4-3_constructions_de_cercles.pdf\" type=\"application\/pdf\" style=\"width:100%;height:600px\" aria-label=\"Contenu embarqu\u00e9 x_6-4-3_constructions_de_cercles.\"><\/object><a id=\"wp-block-file--media-c9be2edd-c74d-4b0e-8298-f30ec1c1e0c7\" href=\"https:\/\/collmathage.fr\/wp-content\/uploads\/2023\/05\/x_6-4-3_constructions_de_cercles.pdf\">x_6-4-3_constructions_de_cercles<\/a><\/div>\n","protected":false},"excerpt":{"rendered":"<p>Depuis plusieurs ann\u00e9es, je n\u2019utilise plus de manuel et j\u2019ai cr\u00e9\u00e9 mes propres feuilles d\u2019exercices pour le coll\u00e8ge. Chaque feuille vise en g\u00e9n\u00e9ral l&rsquo;entra\u00eenement sur deux comp\u00e9tences d&rsquo;un chapitre, les m\u00eames que dans mes fiches de soutien et mon r\u00e9f\u00e9rentiel pronote. Ces pages sont au d\u00e9part pour mes \u00e9l\u00e8ves, afin qu&rsquo;ils puissent r\u00e9cup\u00e9rer les fiches [&hellip;]<\/p>\n","protected":false},"author":1,"featured_media":0,"parent":0,"menu_order":0,"comment_status":"closed","ping_status":"closed","template":"","meta":{"footnotes":""},"folder":[],"class_list":["post-35","page","type-page","status-publish","hentry"],"blocksy_meta":[],"_links":{"self":[{"href":"https:\/\/collmathage.fr\/index.php?rest_route=\/wp\/v2\/pages\/35","targetHints":{"allow":["GET"]}}],"collection":[{"href":"https:\/\/collmathage.fr\/index.php?rest_route=\/wp\/v2\/pages"}],"about":[{"href":"https:\/\/collmathage.fr\/index.php?rest_route=\/wp\/v2\/types\/page"}],"author":[{"embeddable":true,"href":"https:\/\/collmathage.fr\/index.php?rest_route=\/wp\/v2\/users\/1"}],"replies":[{"embeddable":true,"href":"https:\/\/collmathage.fr\/index.php?rest_route=%2Fwp%2Fv2%2Fcomments&post=35"}],"version-history":[{"count":4,"href":"https:\/\/collmathage.fr\/index.php?rest_route=\/wp\/v2\/pages\/35\/revisions"}],"predecessor-version":[{"id":168,"href":"https:\/\/collmathage.fr\/index.php?rest_route=\/wp\/v2\/pages\/35\/revisions\/168"}],"wp:attachment":[{"href":"https:\/\/collmathage.fr\/index.php?rest_route=%2Fwp%2Fv2%2Fmedia&parent=35"}],"wp:term":[{"taxonomy":"folder","embeddable":true,"href":"https:\/\/collmathage.fr\/index.php?rest_route=%2Fwp%2Fv2%2Ffolder&post=35"}],"curies":[{"name":"wp","href":"https:\/\/api.w.org\/{rel}","templated":true}]}}